 8) to base 16.
-922a
Convert -63476 (base 8) to base 5.
-1321210
Convert 11a9 (base 11) to base 2.
11000100011
-2202121 (base 3) to base 9
-2677
What is 111100011100 (base 2) in base 16?
f1c
What is 47c0 (base 13) in base 3?
111220002
-3 (base 6) to base 11
-3
-716 (base 11) to base 13
-516
Convert b5e (base 15) to base 3.
10111222
What is -7762 (base 10) in base 6?
-55534
Convert 3ba4 (base 12) to base 10.
6892
-2730 (base 13) to base 11
-4246
What is -52ca (base 13) in base 15?
-360e
Convert 11330002 (base 4) to base 8.
57402
What is -1320414 (base 5) in base 10?
-26359
Convert -122 (base 4) to base 15.
-1b
-366053 (base 7) to base 13
-245cc
What is 1000111101001 (base 2) in base 16?
11e9
-15067 (base 8) to base 7
-25365
Convert -18676 (base 10) to base 3.
-221121201
2172 (base 13) to base 11
3553
-21410 (base 9) to base 10
-14184
What is 152 (base 14) in base 5?
2033
Convert 2110 (base 8) to base 6.
5024
b1 (base 14) to base 6
415
What is -203042 (base 5) in base 3?
-100010012
What is 11211 (base 4) in base 12?
259
What is -153b (base 14) in base 11?
-2924
Convert 842 (base 10) to base 8.
1512
Convert 100111100000 (base 2) to base 4.
213200
Convert 67 (base 14) to base 12.
77
-38eb (base 15) to base 8
-27562
Convert -283 (base 9) to base 7.
-456
-3cc7 (base 13) to base 12
-50ba
-10331 (base 4) to base 15
-162
Convert 24151 (base 8) to base 16.
2869
-5362 (base 9) to base 13
-1a45
What is -572 (base 13) in base 4?
-32222
Convert 6b3 (base 15) to base 5.
22033
What is 10001200221 (base 3) in base 5?
3412124
Convert -4835 (base 10) to base 2.
-1001011100011
What is 100001011101101 (base 2) in base 4?
10023231
Convert 1c15 (base 15) to base 8.
13717
What is 12f6 (base 16) in base 2?
1001011110110
Convert 9f9 (base 16) to base 14.
d05
What is 1000001111100 (base 2) in base 14?
1776
What is d02 (base 14) in base 16?
9f6
462 (base 13) to base 15
356
What is 110000001111011 (base 2) in base 11?
17614
Convert 3c5e (base 16) to base 12.
8b3a
What is 551 (base 8) in base 4?
11221
17779 (base 12) to base 9
51483
-106707 (base 8) to base 5
-2130140
What is -13228 (base 9) in base 6?
-105212
Convert 20750 (base 9) to base 10.
13734
-c39 (base 14) to base 6
-15043
-61411 (base 7) to base 5
-434303
Convert -2b8 (base 13) to base 15.
-229
Convert -9b8 (base 12) to base 15.
-65b
Convert -18913 (base 11) to base 5.
-1321032
481 (base 10) to base 11
3a8
Convert -4317 (base 8) to base 16.
-8cf
-220033 (base 4) to base 12
-15a7
What is 23c8 (base 13) in base 16?
13c9
What is -369 (base 10) in base 9?
-450
-233 (base 4) to base 5
-142
Convert 2202200 (base 3) to base 10.
2016
What is -123c (base 16) in base 12?
-2850
What is -3252 (base 6) in base 9?
-1025
What is -555 (base 15) in base 12?
-845
What is -13356 (base 7) in base 2?
-111000100010
What is aeb (base 15) in base 10?
2471
What is -2340 (base 11) in base 6?
-22113
What is 622 (base 15) in base 12?
972
-477 (base 13) to base 11
-644
31d9 (base 14) to base 10
8619
-11101110101 (base 2) to base 14
-9a5
245 (base 6) to base 12
85
-223500 (base 6) to base 10
-18972
3420 (base 6) to base 3
1002210
-445 (base 14) to base 3
-1011022
What is 102 (base 13) in base 6?
443
1c2 (base 15) to base 13
254
Convert 34 (base 9) to base 14.
23
What is 1112 (base 3) in base 14?
2d
Convert -9d2c (base 15) to base 16.
-823e
Convert 1461 (base 9) to base 11.
918
Convert 1686 (base 10) to base 8.
3226
32322 (base 5) to base 10
2212
What is b4 (base 12) in base 5?
1021
Convert 5ac9 (base 13) to base 5.
402330
What is 99 (base 10) in base 2?
1100011
What is -1010020 (base 3) in base 4?
-30300
-10101111001 (base 2) to base 4
-111321
-14441 (base 6) to base 2
-100100011001
-4a67 (base 16) to base 5
-1102142
What is 13400 (base 5) in base 10?
1100
-258 (base 15) to base 4
-20111
1255 (base 14) to base 11
245a
What is -695 (base 10) in base 6?
-3115
Convert -2555 (base 13) to base 3.
-21021122
-c04 (base 16) to base 4
-300010
3245 (base 7) to base 4
102020
What is 1051 (base 9) in base 14?
3d5
Convert 8345 (base 9) to base 6.
44152
120234 (base 5) to base 16
115c
What is b3 (base 14) in base 4?
2131
What is -130445 (base 7) in base 15?
-72ae
Convert 3123131 (base 4) to base 2.
11011011011101
What is -50b (base 13) in base 8?
-1530
What is -3670 (base 10) in base 9?
-5027
Convert -35542 (base 6) to base 15.
-17ee
Convert -101100000010110 (base 2) to base 12.
-11072
What is -7813 (base 11) in base 4?
-2200323
What is -5104 (base 8) in base 16?
-a44
What is -1013243 (base 5) in base 16?
-413a
Convert 20221021 (base 3) to base 6.
35224
-41c (base 13) to base 3
-221222
Convert -23220001 (base 4) to base 3.
-2102022121
Convert 207141 (base 8) to base 14.
1b321
-1011111100011100 (base 2) to base 13
-19365
What is 74340 (base 8) in base 5?
1442234
Convert -4250 (base 7) to base 16.
-5e1
Convert 7607 (base 13) to base 5.
1011100
What is -2547 (base 8) in base 14?
-70b
18904 (base 13) to base 2
1011101000101110
121111 (base 3) to base 5
3240
What is -192a (base 11) in base 2?
-100110010100
Convert -29c (base 13) to base 9.
-568
What is -338 (base 11) in base 6?
-1512
664 (base 16) to base 2
11001100100
-10010100111 (base 2) to base 12
-833
-4041 (base 9) to base 7
-11416
What is 700 (base 10) in base 14?
380
42 (base 15) to base 3
2022
What is 3413 (base 7) in base 6?
5415
-424 (base 10) to base 7
-1144
What is -1001101 (base 2) in base 13?
-5c
1422311 (base 5) to base 4
13100022
-21211211 (base 3) to base 15
-1a64
What is 8c60 (base 13) in base 6?
231042
222 (base 3) to base 14
1c
362501 (base 7) to base 2
10000000011011111
Convert -211332 (base 4) to base 14.
-c58
What is -865 (base 9) in base 3?
-222012
Convert -98 (base 11) to base 7.
-212
What is -422 (base 8) in base 3?
-101011
What is -23043 (base 6) in base 3?
-11111000
What is 2c58 (base 13) in base 14?
251d
Convert -1110120 (base 3) to base 14.
-564
What is -5c72 (base 16) in base 12?
-11842
Convert 2e6 (base 15) to base 13.
3c3
What is 1097 (base 13) in base 8?
4421
241301 (base 6) to base 8
51105
What is -12341 (base 7) in base 6?
-23035
What is b2 (base 13) in base 8?
221
-192 (base 15) to base 8
-552
23172 (base 10) to base 13
a716
cc6 (base 13) to base 10
2190
What is 2707 (base 14) in base 11?
5183
Convert 12302 (base 12) to base 5.
1242001
What is -334 (base 11) in base 8?
-620
What is 22200 (base 5) in base 13?
923
-2b53 (base 12) to base 2
-1001111101111
13b6 (base 12) to base 5
33143
What is -319 (base 11) in base 7?
-1055
What is -3335 (base 8) in base 16?
-6dd
Convert 8b66 (base 16) to base 4.
20231212
-8772 (base 14) to base 15
-6e19
Convert 68c (base 16) to base 8.
3214
What is 139a (base 12) in base 8?
4346
What is 373 (base 9) in base 14?
181
Convert -3150 (base 13) to base 5.
-204300
What is -223 (base 4) in base 12?
-37
Convert -308 (base 16) to base 6.
-3332
Convert -17cc (base 15) to base 4.
-1100112
Convert -22103 (base 5) to base 3.
-2002121
What is -26f (base 16) in base 4?
-21233
What is 546 (base 9) in base 2?
110111111
What is 7941 (base 10) in base 5?
223231
Convert 50413 (base 6) to base 15.
1e73
What is 32023 (base 4) in base 6?
4111
32020 (base 4) to base 10
904
Convert 332 (base 13) to base 2.
1000100100
What is 5135 (base 6) in base 9?
1505
-461 (base 11) to base 8
-1047
What is 36 (base 11) in base 14?
2b
What is -77 (base 13) in base 15?
-68
-1813 (base 9) to base 5
-21024
What is 28662 (base 13) in base 16?
12810
Convert 21033 (base 4) to base 2.
1001001111
253 (base 11) to base 10
300
-440 (base 11) to base 9
-646
Convert -20a (base 13) to base 10.
-348
-3534 (base 8) to base 15
-859
Convert 530 (base 8) to base 6.
1332
-2239 (base 11) to base 13
-1458
5583 (base 9) to base 14
1709
What is -9075 (base 10) in base 13?
-4191
-40004 (base 6) to base 16
-1444
-4026 (base 7) to base 11
-1056
What is -2577 (base 12) in base 5?
-114032
What is 4a0 (base 11) in base 13?
369
What is -123000 (base 4) in base 14?
-8b6
268 (base 10) to base 6
1124
What is -3210 (base 14) in base 9?
-12757
110011101 (base 2) to base 4
12131
33244 (base 6) to base 16
121c
What is -a38 (base 14) in base 10?
-2010
301434 (base 5) to base 7
40021
Convert 12535 (base 9) to base 12.
4a88
Convert 107434 (base 8) to base 13.
138a2
Convert 121012 (base 5) to base 3.
20011221
Conver